ose 4*j = -5*i + 30, 0*i - 2*i + 12 = -3*j. Suppose -15 = 3*y - 2*y + 2*v, 0 = -2*v + i. What is the hundreds digit of (20 + y)/((-2)/254)?
1
Suppose 2*u = -3*u + 2*y, -2*u + y = 1. Suppose -j = 2*j - u*q - 462, 5*q - 593 = -4*j. What is the hundreds digit of j?
1
Let h be 6/2*(-70)/60*-80. Suppose -h = -2*r - 2*z, -5*z - 2 = -6*z. What is the tens digit of r?
3
Let l(q) = -5*q**2 + 17*q - 22. Let s(u) = 9*u**2 - 32*u + 43. Let w(o) = 7*l(o) + 4*s(o). Let m be w(8). Suppose m*z = 135 - 15. What is the tens digit of z?
1
Let l be -157*3/(-4)*-4. Let y = l - -699. What is the tens digit of y?
2
Suppose 10*w = 12*w - 6. Suppose -3*n = 0, -5*u + w = 5*n - 7. Suppose u*h + 4 = 3*h, -6 = -5*v + h. What is the units digit of v?
2
Let w(n) = -16*n - 52. Let z be w(-2). What is the units digit of 0 - -2 - (z - 360)?
2
Suppose 357*n = 17138 + 3568. What is the tens digit of n?
5
What is the tens digit of (-1)/(6/(-374))*(155 + -56)?
7
Let p = 17146 + -194. What is the thousands digit of p?
6
Suppose 4*s + 1665 = 7*s. Let x = -230 + s. What is the tens digit of x?
2
Let u(x) = -3*x**2 - 102*x + 105. Let d be u(-35). Let q be 2/(-5)*(1 - 46). What is the units digit of d/q - (-15 - -1)?
4
Let o = -284 + 63. Let f = o - -447. What is the tens digit of f?
2
Let l(f) = 4*f**3 + f**2. Let p be l(1). Let t be 2/(-8)*2*-274. Suppose 6*d - 214 = 2*d + 2*v, -2*d - p*v = -t. What is the units digit of d?
6
Let y = 1361 + -1043. Suppose y = 9*j - 942. What is the tens digit of j?
4
Let i(m) = 3*m**2 - 18*m - 26. Let b be 11/(-2)*(18 - 16). What is the tens digit of i(b)?
3
Suppose u - 1096 + 3480 = 4*o, 4*o - 2384 = -2*u. Suppose 2*v - 1182 = -o. What is the tens digit of v?
9
Let g(a) = -5*a - 12. Suppose 1 = 13*s + 53. Let v be s/(-8) + 123/(-6). What is the units digit of g(v)?
8
Let l(g) = 132*g + 9. Let x be l(-2). Let f = 34 + x. What is the tens digit of f/(-5) - (-3)/(-15)?
4
Suppose -s - 3*s + 4*z + 8 = 0, 2*s - z - 7 = 0. Suppose -835 = s*q - 10*q. What is the tens digit of q?
6
Let w(l) = -3*l**3 + 3*l**2 - 2*l - 4. Let s(u) = u**3 - 27*u**2 + 25*u + 24. Let t be s(26). What is the tens digit of w(t)?
3
Let s(c) be the second derivative of -5*c**4/12 + 2*c**3 + 9*c**2 + 16*c. Let t be s(-8). What is the units digit of -1 - t/6 - (-10)/15?
6
Let f(x) = 319*x + 1202. What is the units digit of f(24)?
8
Suppose 0 = -194*z + 193*z + 1967. Let d = z + -723. What is the units digit of d?
4
Let x(i) = -i**3 - 18*i**2 + 19*i - 18. Let z be x(-19). Let m = z + 68. What is the units digit of m?
0
Let a = -92 + 97. Suppose 471 = -a*m - 444. What is the hundreds digit of m/(5 + 52/(-8))?
1
Suppose -4*c - 1 - 19 = -2*v, -4*v + 16 = -2*c. Suppose 1334 = 2*u + 4*r, v*u = -r + 705 + 617. What is the tens digit of u?
5
Let y = -46 - -127. Suppose -3*v - y = -3*g - 1236, v - 2*g - 385 = 0. What is the units digit of v?
5
Let y = 63233 + -41098. What is the ten thousands digit of y?
2
Let u = -19978 - -31236. What is the thousands digit of u?
1
Let y(o) = -7778*o - 1205. What is the hundreds digit of y(-1)?
5
Suppose 215*f = -29*f + 5528552. What is the thousands digit of f?
2
Let m(o) = -3*o**3 + 38*o**3 - o**2 - 5*o**3 + 1 - 13*o**3. Let i be m(1). Let h = 69 - i. What is the tens digit of h?
5
Let s be (-370)/296 + 36/16 + -1. Let d = 175 + -79. What is the units digit of (d + s)/1 + 2?
8
Let c = -6484 + 7383. What is the hundreds digit of c?
8
Let p = -16 + 24. Suppose -13*y = -14*y - p. What is the units digit of 86 - ((-12)/y + -3)*2?
9
Let u be 12/(-9)*(4 + -1). What is the tens digit of u/((-7)/(189/2))?
5
Let o = 38 - 36. What is the tens digit of ((-8)/o)/(6 + (-618)/102)?
6
Let v = 168 + -264. What is the thousands digit of (v/(-72))/(3446/1722 - 2)?
1
Let b be (16/64)/((-2)/24). What is the hundreds digit of 2/(-6)*3*-307 - b?
3
Let z(p) = 26*p**3 + 7*p**2 - 59*p - 108. What is the units digit of z(7)?
0
Suppose -237 = 19*c + 447. What is the units digit of 38580/22 - c/99?
4
Let m(y) = 4*y**3 - 36*y**2 + 59*y + 2. What is the ten thousands digit of m(19)?
1
Suppose 98*h - 93*h - 45425 = 5*l, -5*l - 27267 = -3*h. What is the units digit of h?
9
Suppose -18*b - 152 = -16*b. Let i = b + 76. Suppose i = -5*v + 115 + 30. What is the tens digit of v?
2
Suppose -18*v = 2*v + 8520. Let d = v - -492. What is the units digit of d?
6
Let f be -140*(-4)/(-8)*(-1 - 6). What is the units digit of (0 + -2)*f/60*-3?
9
Let k(l) = -271*l - 191. What is the units digit of k(-26)?
5
Let k(u) = -3*u**3 - 5*u**2 + 4*u + 13. Let t(p) = -7*p + 9. Let g be t(1). Suppose -20 = -4*h, s - 3*h + 27 = -g*s. What is the hundreds digit of k(s)?
1
What is the thousands digit of (-56990)/(-11) - 1 - -1 - 840/(-9240)?
5
Let x(c) = -c**3 - 28*c**2 + 17*c**2 + 7*c**2 + 1 + 5*c. Let z(u) = 7*u + 1. Let l be z(-1). What is the tens digit of x(l)?
4
Let c = -143 - -144. What is the hundreds digit of -5 + (3 - 2)*(c - -466)?
4
Suppose u + 2*f - 790 = 0, f + f = 2*u - 1562. Suppose 3*a - u = 383. What is the units digit of a?
9
Let g = 48464 - 32170. What is the ten thousands digit of g?
1
What is the thousands digit of (-84529)/(-9) + (-15)/135?
9
Let n(f) = -19*f - 47. Suppose -5*r - 55 = -3*s, -37 = 3*r - s - 8. What is the hundreds digit of n(r)?
1
Suppose -7 = 6*v - 61. Let i = v - 5. Suppose -5*d + c = -317, 3*d + 28 = i*c + 225. What is the units digit of d?
3
Let v(m) = 4*m + 31. Let y be v(-8). What is the tens digit of 12*(594/(24/4) + y)?
7
Let f be -1 - (20 + 1 + 1). Let q = f - -319. What is the units digit of q?
6
Suppose 3*p + 147568 = 19*p. What is the hundreds digit of p?
2
Suppose 6*s = 5625 + 8139. Suppose -12*b = -11294 + s. What is the hundreds digit of b?
7
Let x(z) = -4*z**3 + 2*z**2 - 11*z - 14. Let c(n) = n**3 + n. Let k(o) = -6*c(o) - x(o). What is the tens digit of k(-4)?
9
Suppose 938 + 4882 = -6*w. Let p = -475 - w. What is the units digit of p?
5
Let h = 1159 - 780. Suppose -2*j = -2051 + h. What is the tens digit of j?
3
Suppose 14253*g + 50 = 14243*g. Let h(w) be the first derivative of -8*w**2 - 9*w - 1. What is the tens digit of h(g)?
7
Suppose -j + 73 = 4*x, 0 = -4*j + 2*j - x + 118. Let m = j - 54. What is the units digit of m?
3
Let b(t) = t**3 - 9*t**2 + t - 5. Let c be b(9). Suppose 428 = -c*h + 2232. What is the units digit of h?
1
Let y(c) = -87*c + c**3 + 14*c**2 + 154*c - 92*c + 6. What is the hundreds digit of y(-11)?
6
Let z be 9/24 - 139/8. Let g(o) = -417*o + 2. Let n(q) = -139*q + 1. Let j(p) = z*n(p) + 6*g(p). What is the hundreds digit of j(-2)?
2
Suppose i = 3*g + 39912, 14*i + 14*g - 558848 = 16*g. What is the tens digit of i?
1
Suppose 0 = 17*u - 26*u + 28*u - 411806. What is the tens digit of u?
7
Let u = 50 + -47. Suppose -41 = -u*c - 14. Suppose 5*g + 3*k = 254, 4*g - 5*k - c = 172. What is the tens digit of g?
4
Suppose 542*q - 3818193 = 3014259. What is the units digit of q?
6
Let b = -7040 - -10224. What is the units digit of b?
4
Suppose 38*t - 111*t = 5942 - 33755. What is the hundreds digit of t?
3
Let l(h) = 34 - 30*h + 25*h - 75*h. What is the hundreds digit of l(-4)?
3
Suppose 2*j - v - 3 = 0, -2*v + 29 = j + 3*v. Let w(l) be the third derivative of 23*l**4/12 + 596*l**2 + 2*l. What is the tens digit of w(j)?
8
Suppose 0 = 243*z - 239*z - 4*o - 43244, -3*z + 5*o + 32433 = 0. What is the thousands digit of z?
0
Let l(r) = -r**3 + 11*r**2 - 2*r + 4. Let p be -2 + -2 - (-52)/(-2). Let a = p - -40. What is the units digit of l(a)?
4
What is the tens digit of (-575898)/(-42) - (1 + 0)/(-7)?
1
Suppose -9 = 4*u + 3*p, -2*u - 6 + 0 = 2*p. Let q = -4940 - -5030. Suppose w + q = a, 2*a + u*a + 4*w - 192 = 0. What is the tens digit of a?
9
Suppose -8*a + 50087 = 2207. What is the units digit of a?
5
Let b = 4081 + -2245. Suppose -2*m = 4*w - 3*w - 607, 3*w + m = b. What is the units digit of w?
3
Let l = 1195 - 214. Let h = l + -594. What is the tens digit of h/3*10/6?
1
Let r(x) = -2175*x - 6067. What is the hundreds digit of r(-14)?
3
Let d = 3 - 17. Let m be (2/6)/(d/(-126)). Suppose 0 = 3*w + m*v - 279, 4*w + 0*v - v - 352 = 0. What is the tens digit of w?
8
Let y(j) = -4*j**2 - 41*j + 5. Let n be y(-10). Let v(k) be the first derivative of k**3/3 - 13*k**2/2 - 9*k - 2. What is the units digit of v(n)?
1
What is the hundreds digit of (-36)